{"id":3962,"date":"2025-08-18T13:01:21","date_gmt":"2025-08-18T11:01:21","guid":{"rendered":"http:\/\/polskaradapelletu.org\/wp-content\/uploads\/2025\/08\/pismo-prp.png"},"modified":"2025-08-18T13:01:21","modified_gmt":"2025-08-18T11:01:21","slug":"pismo-prp","status":"inherit","type":"attachment","link":"http:\/\/polskaradapelletu.org\/en\/%f0%9f%94%94%e2%80%bc%ef%b8%8f-polska-rada-pelletu-uczestnikiem-kontraktu-branzowego-i-czlonkiem-zespolu-rady-ds-przemyslu-drzewnego-i-meblarskiego-%f0%9f%94%94%e2%80%bc%ef%b8%8f\/pismo-prp\/","title":{"rendered":"pismo prp"},"author":1,"featured_media":0,"comment_status":"closed","ping_status":"closed","template":"","meta":{"_acf_changed":false,"_exactmetrics_skip_tracking":false,"_exactmetrics_sitenote_active":false,"_exactmetrics_sitenote_note":"","_exactmetrics_sitenote_category":0},"class_list":["post-3962","attachment","type-attachment","status-inherit","hentry"],"acf":[],"yoast_head":"<!-- This site is optimized with the Yoast SEO plugin v24.3 - https:\/\/yoast.com\/wordpress\/plugins\/seo\/ -->\n<title>pismo prp - Polish Pellet Council<\/title>\n<meta name=\"robots\" content=\"index, follow, max-snippet:-1, max-image-preview:large, max-video-preview:-1\" \/>\n<link rel=\"canonical\" href=\"http:\/\/polskaradapelletu.org\/wp-content\/uploads\/2025\/08\/pismo-prp.png\" \/>\n<meta property=\"og:locale\" content=\"en_US\" \/>\n<meta property=\"og:type\" content=\"article\" \/>\n<meta property=\"og:title\" content=\"pismo prp - Polish Pellet Council\" \/>\n<meta property=\"og:url\" content=\"http:\/\/polskaradapelletu.org\/wp-content\/uploads\/2025\/08\/pismo-prp.png\" \/>\n<meta property=\"og:site_name\" content=\"Polish Pellet Council\" \/>\n<meta property=\"og:image\" content=\"http:\/\/polskaradapelletu.org\/wp-content\/uploads\/2025\/08\/pismo-prp.png\" \/>\n\t<meta property=\"og:image:width\" content=\"619\" \/>\n\t<meta property=\"og:image:height\" content=\"902\" \/>\n\t<meta property=\"og:image:type\" content=\"image\/png\" \/>\n<meta name=\"twitter:card\" content=\"summary_large_image\" \/>\n<script type=\"application\/ld+json\" class=\"yoast-schema-graph\">{\"@context\":\"https:\/\/schema.org\",\"@graph\":[{\"@type\":\"WebPage\",\"@id\":\"http:\/\/polskaradapelletu.org\/wp-content\/uploads\/2025\/08\/pismo-prp.png\",\"url\":\"http:\/\/polskaradapelletu.org\/wp-content\/uploads\/2025\/08\/pismo-prp.png\",\"name\":\"pismo prp - Polish Pellet Council\",\"isPartOf\":{\"@id\":\"https:\/\/polskaradapelletu.org\/#website\"},\"datePublished\":\"2025-08-18T11:01:21+00:00\",\"dateModified\":\"2025-08-18T11:01:21+00:00\",\"breadcrumb\":{\"@id\":\"http:\/\/polskaradapelletu.org\/wp-content\/uploads\/2025\/08\/pismo-prp.png#breadcrumb\"},\"inLanguage\":\"en-US\",\"potentialAction\":[{\"@type\":\"ReadAction\",\"target\":[\"http:\/\/polskaradapelletu.org\/wp-content\/uploads\/2025\/08\/pismo-prp.png\"]}]},{\"@type\":\"BreadcrumbList\",\"@id\":\"http:\/\/polskaradapelletu.org\/wp-content\/uploads\/2025\/08\/pismo-prp.png#breadcrumb\",\"itemListElement\":[{\"@type\":\"ListItem\",\"position\":1,\"name\":\"Strona g\u0142\u00f3wna\",\"item\":\"https:\/\/polskaradapelletu.org\/\"},{\"@type\":\"ListItem\",\"position\":2,\"name\":\"(Polski) &#x1f514;&#x203c;&#xfe0f; Polska Rada Pelletu uczestnikiem Kontraktu Bran\u017cowego i cz\u0142onkiem zespo\u0142u Rady ds. Przemys\u0142u Drzewnego i Meblarskiego. &#x1f514;&#x203c;&#xfe0f;\",\"item\":\"http:\/\/polskaradapelletu.org\/ru\/%f0%9f%94%94%e2%80%bc%ef%b8%8f-polska-rada-pelletu-uczestnikiem-kontraktu-branzowego-i-czlonkiem-zespolu-rady-ds-przemyslu-drzewnego-i-meblarskiego-%f0%9f%94%94%e2%80%bc%ef%b8%8f\/\"},{\"@type\":\"ListItem\",\"position\":3,\"name\":\"pismo prp\"}]},{\"@type\":\"WebSite\",\"@id\":\"https:\/\/polskaradapelletu.org\/#website\",\"url\":\"https:\/\/polskaradapelletu.org\/\",\"name\":\"Polish Pellet Council\",\"description\":\"\",\"potentialAction\":[{\"@type\":\"SearchAction\",\"target\":{\"@type\":\"EntryPoint\",\"urlTemplate\":\"https:\/\/polskaradapelletu.org\/?s={search_term_string}\"},\"query-input\":{\"@type\":\"PropertyValueSpecification\",\"valueRequired\":true,\"valueName\":\"search_term_string\"}}],\"inLanguage\":\"en-US\"}]}<\/script>\n<!-- \/ Yoast SEO plugin. -->","yoast_head_json":{"title":"pismo prp - Polish Pellet Council","robots":{"index":"index","follow":"follow","max-snippet":"max-snippet:-1","max-image-preview":"max-image-preview:large","max-video-preview":"max-video-preview:-1"},"canonical":"http:\/\/polskaradapelletu.org\/wp-content\/uploads\/2025\/08\/pismo-prp.png","og_locale":"en_US","og_type":"article","og_title":"pismo prp - Polish Pellet Council","og_url":"http:\/\/polskaradapelletu.org\/wp-content\/uploads\/2025\/08\/pismo-prp.png","og_site_name":"Polish Pellet Council","og_image":[{"width":619,"height":902,"url":"http:\/\/polskaradapelletu.org\/wp-content\/uploads\/2025\/08\/pismo-prp.png","type":"image\/png"}],"twitter_card":"summary_large_image","schema":{"@context":"https:\/\/schema.org","@graph":[{"@type":"WebPage","@id":"http:\/\/polskaradapelletu.org\/wp-content\/uploads\/2025\/08\/pismo-prp.png","url":"http:\/\/polskaradapelletu.org\/wp-content\/uploads\/2025\/08\/pismo-prp.png","name":"pismo prp - Polish Pellet Council","isPartOf":{"@id":"https:\/\/polskaradapelletu.org\/#website"},"datePublished":"2025-08-18T11:01:21+00:00","dateModified":"2025-08-18T11:01:21+00:00","breadcrumb":{"@id":"http:\/\/polskaradapelletu.org\/wp-content\/uploads\/2025\/08\/pismo-prp.png#breadcrumb"},"inLanguage":"en-US","potentialAction":[{"@type":"ReadAction","target":["http:\/\/polskaradapelletu.org\/wp-content\/uploads\/2025\/08\/pismo-prp.png"]}]},{"@type":"BreadcrumbList","@id":"http:\/\/polskaradapelletu.org\/wp-content\/uploads\/2025\/08\/pismo-prp.png#breadcrumb","itemListElement":[{"@type":"ListItem","position":1,"name":"Strona g\u0142\u00f3wna","item":"https:\/\/polskaradapelletu.org\/"},{"@type":"ListItem","position":2,"name":"(Polski) &#x1f514;&#x203c;&#xfe0f; Polska Rada Pelletu uczestnikiem Kontraktu Bran\u017cowego i cz\u0142onkiem zespo\u0142u Rady ds. Przemys\u0142u Drzewnego i Meblarskiego. &#x1f514;&#x203c;&#xfe0f;","item":"http:\/\/polskaradapelletu.org\/ru\/%f0%9f%94%94%e2%80%bc%ef%b8%8f-polska-rada-pelletu-uczestnikiem-kontraktu-branzowego-i-czlonkiem-zespolu-rady-ds-przemyslu-drzewnego-i-meblarskiego-%f0%9f%94%94%e2%80%bc%ef%b8%8f\/"},{"@type":"ListItem","position":3,"name":"pismo prp"}]},{"@type":"WebSite","@id":"https:\/\/polskaradapelletu.org\/#website","url":"https:\/\/polskaradapelletu.org\/","name":"Polish Pellet Council","description":"","potentialAction":[{"@type":"SearchAction","target":{"@type":"EntryPoint","urlTemplate":"https:\/\/polskaradapelletu.org\/?s={search_term_string}"},"query-input":{"@type":"PropertyValueSpecification","valueRequired":true,"valueName":"search_term_string"}}],"inLanguage":"en-US"}]}},"description":{"rendered":"<p class=\"attachment\"><a href='http:\/\/polskaradapelletu.org\/wp-content\/uploads\/2025\/08\/pismo-prp.png'><img loading=\"lazy\" decoding=\"async\" width=\"206\" height=\"300\" src=\"http:\/\/polskaradapelletu.org\/wp-content\/uploads\/2025\/08\/pismo-prp-206x300.png\" class=\"attachment-medium size-medium\" alt=\"\" srcset=\"http:\/\/polskaradapelletu.org\/wp-content\/uploads\/2025\/08\/pismo-prp-206x300.png 206w, http:\/\/polskaradapelletu.org\/wp-content\/uploads\/2025\/08\/pismo-prp-484x705.png 484w, http:\/\/polskaradapelletu.org\/wp-content\/uploads\/2025\/08\/pismo-prp-450x656.png 450w, http:\/\/polskaradapelletu.org\/wp-content\/uploads\/2025\/08\/pismo-prp.png 619w\" sizes=\"auto, (max-width: 206px) 100vw, 206px\" \/><\/a><\/p>\n"},"caption":{"rendered":""},"alt_text":"","media_type":"image","mime_type":"image\/png","media_details":{"width":619,"height":902,"file":"2025\/08\/pismo-prp.png","filesize":129658,"sizes":{"medium":{"file":"pismo-prp-206x300.png","width":206,"height":300,"filesize":36594,"mime_type":"image\/png","source_url":"http:\/\/polskaradapelletu.org\/wp-content\/uploads\/2025\/08\/pismo-prp-206x300.png"},"thumbnail":{"file":"pismo-prp-80x80.png","width":80,"height":80,"filesize":5380,"mime_type":"image\/png","source_url":"http:\/\/polskaradapelletu.org\/wp-content\/uploads\/2025\/08\/pismo-prp-80x80.png"},"widget":{"file":"pismo-prp-36x36.png","width":36,"height":36,"filesize":1466,"mime_type":"image\/png","source_url":"http:\/\/polskaradapelletu.org\/wp-content\/uploads\/2025\/08\/pismo-prp-36x36.png"},"square":{"file":"pismo-prp-180x180.png","width":180,"height":180,"filesize":22764,"mime_type":"image\/png","source_url":"http:\/\/polskaradapelletu.org\/wp-content\/uploads\/2025\/08\/pismo-prp-180x180.png"},"featured":{"file":"pismo-prp-619x430.png","width":619,"height":430,"filesize":134867,"mime_type":"image\/png","source_url":"http:\/\/polskaradapelletu.org\/wp-content\/uploads\/2025\/08\/pismo-prp-619x430.png"},"featured_large":{"file":"pismo-prp-619x630.png","width":619,"height":630,"filesize":159662,"mime_type":"image\/png","source_url":"http:\/\/polskaradapelletu.org\/wp-content\/uploads\/2025\/08\/pismo-prp-619x630.png"},"portfolio":{"file":"pismo-prp-495x400.png","width":495,"height":400,"filesize":130634,"mime_type":"image\/png","source_url":"http:\/\/polskaradapelletu.org\/wp-content\/uploads\/2025\/08\/pismo-prp-495x400.png"},"portfolio_small":{"file":"pismo-prp-260x185.png","width":260,"height":185,"filesize":39129,"mime_type":"image\/png","source_url":"http:\/\/polskaradapelletu.org\/wp-content\/uploads\/2025\/08\/pismo-prp-260x185.png"},"gallery":{"file":"pismo-prp-619x684.png","width":619,"height":684,"filesize":166143,"mime_type":"image\/png","source_url":"http:\/\/polskaradapelletu.org\/wp-content\/uploads\/2025\/08\/pismo-prp-619x684.png"},"magazine":{"file":"pismo-prp-619x375.png","width":619,"height":375,"filesize":125971,"mime_type":"image\/png","source_url":"http:\/\/polskaradapelletu.org\/wp-content\/uploads\/2025\/08\/pismo-prp-619x375.png"},"masonry":{"file":"pismo-prp-484x705.png","width":484,"height":705,"filesize":172822,"mime_type":"image\/png","source_url":"http:\/\/polskaradapelletu.org\/wp-content\/uploads\/2025\/08\/pismo-prp-484x705.png"},"entry_with_sidebar":{"file":"pismo-prp-619x321.png","width":619,"height":321,"filesize":122337,"mime_type":"image\/png","source_url":"http:\/\/polskaradapelletu.org\/wp-content\/uploads\/2025\/08\/pismo-prp-619x321.png"},"entry_without_sidebar":{"file":"pismo-prp-619x423.png","width":619,"height":423,"filesize":134004,"mime_type":"image\/png","source_url":"http:\/\/polskaradapelletu.org\/wp-content\/uploads\/2025\/08\/pismo-prp-619x423.png"},"shop_thumbnail":{"file":"pismo-prp-120x120.png","width":120,"height":120,"filesize":10835,"mime_type":"image\/png","source_url":"http:\/\/polskaradapelletu.org\/wp-content\/uploads\/2025\/08\/pismo-prp-120x120.png"},"shop_catalog":{"file":"pismo-prp-450x450.png","width":450,"height":450,"filesize":124398,"mime_type":"image\/png","source_url":"http:\/\/polskaradapelletu.org\/wp-content\/uploads\/2025\/08\/pismo-prp-450x450.png"},"shop_single":{"file":"pismo-prp-450x656.png","width":450,"height":656,"filesize":152890,"mime_type":"image\/png","source_url":"http:\/\/polskaradapelletu.org\/wp-content\/uploads\/2025\/08\/pismo-prp-450x656.png"},"full":{"file":"pismo-prp.png","width":619,"height":902,"mime_type":"image\/png","source_url":"http:\/\/polskaradapelletu.org\/wp-content\/uploads\/2025\/08\/pismo-prp.png"}},"image_meta":{"aperture":"0","credit":"","camera":"","caption":"","created_timestamp":"0","copyright":"","focal_length":"0","iso":"0","shutter_speed":"0","title":"","orientation":"0","keywords":[]}},"post":3961,"source_url":"http:\/\/polskaradapelletu.org\/wp-content\/uploads\/2025\/08\/pismo-prp.png","_links":{"self":[{"href":"http:\/\/polskaradapelletu.org\/en\/wp-json\/wp\/v2\/media\/3962","targetHints":{"allow":["GET"]}}],"collection":[{"href":"http:\/\/polskaradapelletu.org\/en\/wp-json\/wp\/v2\/media"}],"about":[{"href":"http:\/\/polskaradapelletu.org\/en\/wp-json\/wp\/v2\/types\/attachment"}],"author":[{"embeddable":true,"href":"http:\/\/polskaradapelletu.org\/en\/wp-json\/wp\/v2\/users\/1"}]}}

<!-- This site is optimized with the Yoast SEO plugin v24.3 - https://yoast.com/wordpress/plugins/seo/ -->
<title>pismo prp - Polish Pellet Council</title>
<meta name="robots" content="index, follow, max-snippet:-1, max-image-preview:large, max-video-preview:-1" />
<link rel="canonical" href="http://polskaradapelletu.org/wp-content/uploads/2025/08/pismo-prp.png" />
<meta property="og:locale" content="en_US" />
<meta property="og:type" content="article" />
<meta property="og:title" content="pismo prp - Polish Pellet Council" />
<meta property="og:url" content="http://polskaradapelletu.org/wp-content/uploads/2025/08/pismo-prp.png" />
<meta property="og:site_name" content="Polish Pellet Council" />
<meta property="og:image" content="http://polskaradapelletu.org/wp-content/uploads/2025/08/pismo-prp.png" />
	<meta property="og:image:width" content="619" />
	<meta property="og:image:height" content="902" />
	<meta property="og:image:type" content="image/png" />
<meta name="twitter:card" content="summary_large_image" />
<script type="application/ld+json" class="yoast-schema-graph">{"@context":"https://schema.org","@graph":[{"@type":"WebPage","@id":"http://polskaradapelletu.org/wp-content/uploads/2025/08/pismo-prp.png","url":"http://polskaradapelletu.org/wp-content/uploads/2025/08/pismo-prp.png","name":"pismo prp - Polish Pellet Council","isPartOf":{"@id":"https://polskaradapelletu.org/#website"},"datePublished":"2025-08-18T11:01:21+00:00","dateModified":"2025-08-18T11:01:21+00:00","breadcrumb":{"@id":"http://polskaradapelletu.org/wp-content/uploads/2025/08/pismo-prp.png#breadcrumb"},"inLanguage":"en-US","potentialAction":[{"@type":"ReadAction","target":["http://polskaradapelletu.org/wp-content/uploads/2025/08/pismo-prp.png"]}]},{"@type":"BreadcrumbList","@id":"http://polskaradapelletu.org/wp-content/uploads/2025/08/pismo-prp.png#breadcrumb","itemListElement":[{"@type":"ListItem","position":1,"name":"Strona główna","item":"https://polskaradapelletu.org/"},{"@type":"ListItem","position":2,"name":"(Polski) &#x1f514;&#x203c;&#xfe0f; Polska Rada Pelletu uczestnikiem Kontraktu Branżowego i członkiem zespołu Rady ds. Przemysłu Drzewnego i Meblarskiego. &#x1f514;&#x203c;&#xfe0f;","item":"http://polskaradapelletu.org/ru/%f0%9f%94%94%e2%80%bc%ef%b8%8f-polska-rada-pelletu-uczestnikiem-kontraktu-branzowego-i-czlonkiem-zespolu-rady-ds-przemyslu-drzewnego-i-meblarskiego-%f0%9f%94%94%e2%80%bc%ef%b8%8f/"},{"@type":"ListItem","position":3,"name":"pismo prp"}]},{"@type":"WebSite","@id":"https://polskaradapelletu.org/#website","url":"https://polskaradapelletu.org/","name":"Polish Pellet Council","description":"","potentialAction":[{"@type":"SearchAction","target":{"@type":"EntryPoint","urlTemplate":"https://polskaradapelletu.org/?s={search_term_string}"},"query-input":{"@type":"PropertyValueSpecification","valueRequired":true,"valueName":"search_term_string"}}],"inLanguage":"en-US"}]}</script>
<!-- / Yoast SEO plugin. -->

Strona główna

(Polski) &#x1f514;&#x203c;&#xfe0f; Polska Rada Pelletu uczestnikiem Kontraktu Branżowego i członkiem zespołu Rady ds. Przemysłu Drzewnego i Meblarskiego. &#x1f514;&#x203c;&#xfe0f;
